{"id":9335,"date":"2014-11-14T14:43:50","date_gmt":"2014-11-14T13:43:50","guid":{"rendered":"http:\/\/www.os-sticna.si\/?page_id=9335"},"modified":"2015-01-29T12:49:52","modified_gmt":"2015-01-29T11:49:52","slug":"vrste-srednjih-sol","status":"publish","type":"page","link":"https:\/\/www.os-sticna.si\/?page_id=9335","title":{"rendered":"Vrste srednjih \u0161ol"},"content":{"rendered":"<div class=\"page-restrict-output\"><p style=\"text-align: center;\"><strong><span style=\"text-decoration: underline;\"><a href=\"https:\/\/www.os-sticna.si\/wp-content\/uploads\/2014\/11\/\u0161olski-sistem.jpg\" rel=\"lightbox[9335]\"><img fetchpriority=\"high\" decoding=\"async\" class=\"alignnone  wp-image-10094\" src=\"https:\/\/www.os-sticna.si\/wp-content\/uploads\/2014\/11\/\u0161olski-sistem-320x226.jpg\" alt=\"\u0161olski sistem\" width=\"336\" height=\"237\" srcset=\"https:\/\/www.os-sticna.si\/wp-content\/uploads\/2014\/11\/\u0161olski-sistem-320x226.jpg 320w, https:\/\/www.os-sticna.si\/wp-content\/uploads\/2014\/11\/\u0161olski-sistem-800x565.jpg 800w, https:\/\/www.os-sticna.si\/wp-content\/uploads\/2014\/11\/\u0161olski-sistem.jpg 1178w\" sizes=\"(max-width: 336px) 100vw, 336px\" \/><\/a><\/span><\/strong><\/p>\n<p>Po kon\u010dani osnovni \u0161oli lahko izbira\u0161 med <strong>razli\u010dnimi vrstami srednjih \u0161ol<\/strong>:<\/p>\n<p><strong><em>\u00a0<\/em><\/strong><strong><em>NI\u017dJE POKLICNO IZOBRA\u017dEVANJE (NPI)<\/em><\/strong><\/p>\n<p><strong>Trajanje:<\/strong> 2 leti<\/p>\n<p><strong>Zaklju\u010dek:<\/strong> zaklju\u010dni izpit<\/p>\n<p><strong>Vpisni pogoji:<\/strong> v NPI se lahko vpi\u0161e\u0161 po izpolnjeni osnovno\u0161olski obveznosti in uspe\u0161no kon\u010danem najmanj sedmem razredu devetletne osnovne \u0161ole. Vpi\u0161e\u0161 se lahko tudi z zaklju\u010denim osnovno\u0161olskim izobra\u017eevanjem, po prilagojenemu izobra\u017eevalnemu programu z ni\u017ejim izobrazbenim standardom.<\/p>\n<p><strong>Kam naprej?<\/strong> Po kon\u010danemu NPI se lahko vpi\u0161e\u0161 naprej v SPI in SSI.<\/p>\n<p><strong>Poklici:<\/strong> obdelovalec les, pomo\u010dnik v biotehniki in oskrbi, pomo\u010dnik v tehnolo\u0161kih procesih, pomo\u010dnik pri tehnologiji gradnje, preoblikovalec tekstilij.<\/p>\n<p><a href=\"https:\/\/www.os-sticna.si\/wp-content\/uploads\/2014\/11\/O-poklicih-moj-poklic.jpg\" rel=\"lightbox[9335]\"><img decoding=\"async\" class=\"alignnone  wp-image-10095\" src=\"https:\/\/www.os-sticna.si\/wp-content\/uploads\/2014\/11\/O-poklicih-moj-poklic-156x240.jpg\" alt=\"O poklicih, moj poklic\" width=\"113\" height=\"174\" srcset=\"https:\/\/www.os-sticna.si\/wp-content\/uploads\/2014\/11\/O-poklicih-moj-poklic-156x240.jpg 156w, https:\/\/www.os-sticna.si\/wp-content\/uploads\/2014\/11\/O-poklicih-moj-poklic.jpg 325w\" sizes=\"(max-width: 113px) 100vw, 113px\" \/><\/a><br \/>\nO\u00a0poklicih, moj poklic; Sophie Bordet, Nadine Mouchet, Henri Fellner<\/p>\n<p style=\"text-align: left;\">\u00a0<strong><em>SREDNJE POKLICNO IZOBRA\u017dEVANJE (SPI)<\/em><\/strong><\/p>\n<p><strong>Trajanje:<\/strong> 3 leta<\/p>\n<p><strong>Z<\/strong><strong>aklju\u010dek:<\/strong> zaklju\u010dni izpit<\/p>\n<p><strong>Vpisni pogoji:<\/strong> uspe\u0161no kon\u010dana osnovna \u0161ola ali program NPI.<\/p>\n<p><strong>Kam naprej?<\/strong> Lahko se vpi\u0161e\u0161 v programe poklicno-tehni\u0161kega izobra\u017eevanja (PTI), po dolo\u010denem \u0161tevilu let delovnih izku\u0161enj pa lahko opravlja\u0161 tudi mojstrski, delovodski ali poslovodski izpit.<\/p>\n<p><strong>Poklici:<\/strong> administrator, avtoserviser, avtokaroserist, elektrikar, in\u0161talater strojnih in\u0161talacij, oblikovalec kovin-orodjar, pe\u010dar-polagalec kerami\u010dnih oblog, ra\u010dunalnikar, bolni\u010dar-negovalec, cvetli\u010dar, slikopleskar-\u010drkoslikar, frizer, gozdar, klepar-krovec, metalurg, mizar, gastronom hotelir, sla\u0161\u010di\u010dar, vrtnar, mlekar, mesar, pek, steklar, zidar, gozdar, mehatronik operater, grafi\u010dni operater, izdelovalec obla\u010dil, gospodar na pode\u017eelju, dimnikar, rudar, izdelovalec kovinskih konstrukcij, izvajalec suhomonta\u017ene gradnje, kamnosek, mehanik kmetijskih in delovnih strojev, polagalec talnih oblog, tapetnik, tesar, trgovec, upravljalec te\u017eke gradbene mehanizacije, voznik, zlatar, \u017eivilec.<\/p>\n<p><strong><em><a href=\"https:\/\/www.os-sticna.si\/wp-content\/uploads\/2014\/11\/Poklici.jpg\" rel=\"lightbox[9335]\"><img decoding=\"async\" class=\"alignnone  wp-image-10096\" src=\"https:\/\/www.os-sticna.si\/wp-content\/uploads\/2014\/11\/Poklici-228x240.jpg\" alt=\"Poklici\" width=\"158\" height=\"166\" srcset=\"https:\/\/www.os-sticna.si\/wp-content\/uploads\/2014\/11\/Poklici-228x240.jpg 228w, https:\/\/www.os-sticna.si\/wp-content\/uploads\/2014\/11\/Poklici.jpg 380w\" sizes=\"(max-width: 158px) 100vw, 158px\" \/><\/a><\/em><\/strong><\/p>\n<p>Poklici; Christoher Maynard<\/p>\n<p><strong><em>SREDNJE STROKOVNO IZOBRA\u017dEVANJE (SSI)<\/em><\/strong><\/p>\n<p><strong>Trajanje:<\/strong> 4 leta<\/p>\n<p><strong>Zaklju\u010dek:<\/strong> poklicna matura<\/p>\n<p><strong>Vpisni pogoji:<\/strong> v program SSI se lahko vpi\u0161e\u0161 z uspe\u0161no kon\u010dano osnovno \u0161olo ali programom NPI.<\/p>\n<p><strong>Kam naprej?<\/strong> S poklicno maturo lahko izobra\u017eevanje nadaljuje\u0161 na \u0161tudijskih programih vi\u0161jega in visokega strokovnega izobra\u017eevanja, z dodatnim izpitom iz izbranega predmeta splo\u0161ne mature, pa se lahko vpi\u0161e\u0161 tudi v dolo\u010dene univerzitetne \u0161tudijske programe.<\/p>\n<p><strong>Poklici:<\/strong> aran\u017eerski tehnik, ekonomski tehnik, elektrotehnik, farmacevtski tehnik, fotografski tehnik, gastronomsko-turisti\u010dni tehnik, geodetski tehnik, geotehnik, gozdarski tehnik, gradbeni tehnik, grafi\u010dni tehnik, hortikulturni tehnik, kemijski tehnik, kmetijsko-podjetni\u0161ki tehnik, kozmeti\u010dni tehnik, ladijski strojni tehnik, lesarski tehnik, logisti\u010dni tehnik, medijski tehnik, naravovarstveni tehnik, okoljevarstveni tehnik, plovbni tehnik, vzgojitelj pred\u0161olskih otrok, strojni tehnik, tehnik elektronskih komunikacij, tehnik laboratorijske biomedicine, tehnik mehatronike, tehnik oblikovanja, tehnik optik, tehnik ra\u010dunalni\u0161tva, tehnik steklarstva, tehnik varovanja, ustvarjalec modnih obla\u010dil, veterinarski tehnik, srednja medicinska sestra\/ srednji zdravstvenik, zobotehnik, \u017eivilsko-prehranski tehnik.<\/p>\n<p><a href=\"https:\/\/www.os-sticna.si\/wp-content\/uploads\/2014\/11\/Poklici-Delo-hvali-mojstra.jpg\" rel=\"lightbox[9335]\"><img loading=\"lazy\" decoding=\"async\" class=\"alignnone  wp-image-10097\" src=\"https:\/\/www.os-sticna.si\/wp-content\/uploads\/2014\/11\/Poklici-Delo-hvali-mojstra-157x240.jpg\" alt=\"Poklici, Delo hvali mojstra\" width=\"121\" height=\"185\" srcset=\"https:\/\/www.os-sticna.si\/wp-content\/uploads\/2014\/11\/Poklici-Delo-hvali-mojstra-157x240.jpg 157w, https:\/\/www.os-sticna.si\/wp-content\/uploads\/2014\/11\/Poklici-Delo-hvali-mojstra.jpg 170w\" sizes=\"(max-width: 121px) 100vw, 121px\" \/><\/a><\/p>\n<p>Poklici. Delo hvali mojstra; Marjeta Zorec, Uro\u0161 Hrovat<\/p>\n<p><strong><em>POKLICNO-TEHNI\u0160KO IZOBRA\u017dEVANJE (PTI)<\/em><\/strong><\/p>\n<p><strong>Trajanje:<\/strong> 2 leti<\/p>\n<p><strong>Zaklju\u010dek:<\/strong> poklicna matura<\/p>\n<p><strong>Vpisni pogoji:<\/strong> v program PTI se lahko vpi\u0161e\u0161 z zaklju\u010denim programom srednjega poklicnega izobra\u017eevanja (SPI).<\/p>\n<p><strong>Kam naprej?<\/strong> Z opravljeno poklicno maturo se lahko vpi\u0161e\u0161 na vi\u0161je\u0161olske in visoko\u0161olske programe, z dodatnim izpitom iz izbranega predmeta splo\u0161ne mature, pa se lahko vpi\u0161e\u0161 tudi v dolo\u010dene univerzitetne \u0161tudijske programe.<\/p>\n<p><strong>Poklici:<\/strong> avtoservisni tehnik, ekonomski tehnik, elektrotehnik, gastronomski tehnik,geotehnik,gradbeni tehnik, grafi\u010dni tehnik, hortikulturni tehnik, kmetijsko-podjetni\u0161ki tehnik, lesarski tehnik, logisti\u010dni tehnik, strojni tehnik, tehnik mehatronike, tehnik ra\u010dunalni\u0161tva, tehnik steklarstva, tehnik varovanja, ustvarjalec modnih obla\u010dil, srednja medicinska sestra\/srednji zdravstvenik, \u017eivilsko-prehranski tehnik.<\/p>\n<p><strong><a href=\"https:\/\/www.os-sticna.si\/wp-content\/uploads\/2014\/11\/Poklici-Moj-ljubi-kruhek.jpg\" rel=\"lightbox[9335]\"><img loading=\"lazy\" decoding=\"async\" class=\"alignnone  wp-image-10098\" src=\"https:\/\/www.os-sticna.si\/wp-content\/uploads\/2014\/11\/Poklici-Moj-ljubi-kruhek-166x240.jpg\" alt=\"Poklici, Moj ljubi kruhek\" width=\"135\" height=\"196\" srcset=\"https:\/\/www.os-sticna.si\/wp-content\/uploads\/2014\/11\/Poklici-Moj-ljubi-kruhek-166x240.jpg 166w, https:\/\/www.os-sticna.si\/wp-content\/uploads\/2014\/11\/Poklici-Moj-ljubi-kruhek.jpg 200w\" sizes=\"(max-width: 135px) 100vw, 135px\" \/><\/a><br \/>\n<\/strong>Poklici. Za ljubi kruhek; Marjeta Zorec, Uro\u0161 Hrovat<\/p>\n<p><strong><em>\u00a0<\/em><\/strong><strong><em>GIMNAZIJA<\/em><\/strong><\/p>\n<p><strong>Trajanje:<\/strong> 4 leta<\/p>\n<p><strong>Zaklju\u010dek:<\/strong> splo\u0161na matura<\/p>\n<p><strong>Vpisni pogoji:<\/strong> vpi\u0161e\u0161 se lahko z uspe\u0161no kon\u010dano osnovno \u0161olo, \u010de je predpisano s programom, pa mora\u0161 izpolnjevati \u0161e posebne pogoje (psihofizi\u010dna sposobnost, posebna nadarjenost,\u0161portni dose\u017eki).<\/p>\n<p><strong>Kam naprej?<\/strong> Opravljena splo\u0161na matura omogo\u010da vpis na vse obstoje\u010de univerzitetne \u0161tudijske programe in \u0161tudijske programe vi\u0161jega ter visokega strokovnega izobra\u017eevanja.<\/p>\n<p><strong>Vrste gimnazij:<\/strong> splo\u0161na (splo\u0161na, klasi\u010dna gimnazija, gimnazija s \u0161portnim oddelkom, gimnazija z evropskim oddelkom, gimnazijski izobra\u017eevalni programi zasebnih katoli\u0161kih \u0161ol ter program mednarodne mature, Waldorfska gimnazija) in strokovna (tehni\u0161ka, ekonomska in umetni\u0161ka).<\/p>\n<p><a href=\"https:\/\/www.os-sticna.si\/wp-content\/uploads\/2014\/11\/Kak\u0161ne-barve-je-va\u0161e-padalo.jpg\" rel=\"lightbox[9335]\"><img loading=\"lazy\" decoding=\"async\" class=\"alignnone  wp-image-10099\" src=\"https:\/\/www.os-sticna.si\/wp-content\/uploads\/2014\/11\/Kak\u0161ne-barve-je-va\u0161e-padalo-155x240.jpg\" alt=\"Kak\u0161ne barve je va\u0161e padalo\" width=\"125\" height=\"194\" srcset=\"https:\/\/www.os-sticna.si\/wp-content\/uploads\/2014\/11\/Kak\u0161ne-barve-je-va\u0161e-padalo-155x240.jpg 155w, https:\/\/www.os-sticna.si\/wp-content\/uploads\/2014\/11\/Kak\u0161ne-barve-je-va\u0161e-padalo.jpg 306w\" sizes=\"(max-width: 125px) 100vw, 125px\" \/><\/a><\/p>\n<p>Kak\u0161ne barve je va\u0161e padalo?; Richard N. Bolles<\/p>\n<p>&nbsp;<\/p>\n<p><strong>VE\u010c IN PODROBNEJ\u0160E INFORMACIJE O SREDNJE\u0160OLSKIH PROGRAMIH NAJDE\u0160 NA:<\/strong><\/p>\n<p><span style=\"text-decoration: underline;\"><a href=\"http:\/\/eportal.mss.edus.si\/msswww\/programi2014\/programi\/index.htm\"><strong>http:\/\/eportal.mss.edus.si\/msswww\/programi2014\/programi\/index.htm<\/strong><\/a><\/span><\/p>\n<p>&nbsp;<\/p>\n<p>Pripravila: Tina Cvar Toma\u017ein<\/p>\n<p>&nbsp;<\/p>\n<\/div>","protected":false},"excerpt":{"rendered":"<div class=\"page-restrict-output\"><p>Po kon\u010dani osnovni \u0161oli lahko izbira\u0161 med razli\u010dnimi vrstami srednjih \u0161ol: \u00a0NI\u017dJE POKLICNO IZOBRA\u017dEVANJE (NPI) Trajanje: 2 leti Zaklju\u010dek: zaklju\u010dni izpit Vpisni pogoji: v NPI se lahko vpi\u0161e\u0161 po izpolnjeni osnovno\u0161olski obveznosti in uspe\u0161no kon\u010danem najmanj sedmem razredu devetletne osnovne \u0161ole. Vpi\u0161e\u0161 se lahko tudi z zaklju\u010denim osnovno\u0161olskim izobra\u017eevanjem, po prilagojenemu izobra\u017eevalnemu programu z ni\u017ejim izobrazbenim standardom. Kam naprej? Po [&#8230;]<\/p>\n<\/div>","protected":false},"author":1,"featured_media":0,"parent":9326,"menu_order":0,"comment_status":"open","ping_status":"open","template":"","meta":{"ngg_post_thumbnail":0,"_themeisle_gutenberg_block_has_review":false,"footnotes":""},"class_list":["post-9335","page","type-page","status-publish","hentry"],"featured_image_src":null,"featured_image_src_square":null,"_links":{"self":[{"href":"https:\/\/www.os-sticna.si\/index.php?rest_route=\/wp\/v2\/pages\/9335","targetHints":{"allow":["GET"]}}],"collection":[{"href":"https:\/\/www.os-sticna.si\/index.php?rest_route=\/wp\/v2\/pages"}],"about":[{"href":"https:\/\/www.os-sticna.si\/index.php?rest_route=\/wp\/v2\/types\/page"}],"author":[{"embeddable":true,"href":"https:\/\/www.os-sticna.si\/index.php?rest_route=\/wp\/v2\/users\/1"}],"replies":[{"embeddable":true,"href":"https:\/\/www.os-sticna.si\/index.php?rest_route=%2Fwp%2Fv2%2Fcomments&post=9335"}],"version-history":[{"count":5,"href":"https:\/\/www.os-sticna.si\/index.php?rest_route=\/wp\/v2\/pages\/9335\/revisions"}],"predecessor-version":[{"id":10101,"href":"https:\/\/www.os-sticna.si\/index.php?rest_route=\/wp\/v2\/pages\/9335\/revisions\/10101"}],"up":[{"embeddable":true,"href":"https:\/\/www.os-sticna.si\/index.php?rest_route=\/wp\/v2\/pages\/9326"}],"wp:attachment":[{"href":"https:\/\/www.os-sticna.si\/index.php?rest_route=%2Fwp%2Fv2%2Fmedia&parent=9335"}],"curies":[{"name":"wp","href":"https:\/\/api.w.org\/{rel}","templated":true}]}}