{"id":25,"date":"2008-10-30T21:44:40","date_gmt":"2008-10-30T20:44:40","guid":{"rendered":"http:\/\/193.2.241.104\/?page_id=25"},"modified":"2022-10-13T12:12:44","modified_gmt":"2022-10-13T11:12:44","slug":"visnja-gora","status":"publish","type":"page","link":"https:\/\/www.os-sticna.si\/?page_id=25","title":{"rendered":"Podru\u017eni\u010dna \u0161ola Vi\u0161nja Gora"},"content":{"rendered":"<div class=\"page-restrict-output\"><h4>Kontaktni podatki:<\/h4>\n<p>Cesta na Pol\u017eevo 26<br \/>\n1294 Vi\u0161nja Gora<\/p>\n<p>Telefon:&nbsp;01\/ 788 40 30 in&nbsp;01\/ 780 31 41<\/p>\n<p>Podalj\u0161ano bivanje: 01 620 74 45<br \/>\nKuhinja: 01 620 74 44<\/p>\n<h5>Vodja \u0161ole:<\/h5>\n<p>Jasmina Sajko, prof.<br \/>\njasmina.sajko@os-sticna.si<br \/>\nsolavisnjagora@gmail.com<\/p>\n<p><a href=\"http:\/\/psvg.splet.arnes.si\">http:\/\/psvg.splet.arnes.si<\/a><\/p>\n<h4>\u0160olski okoli\u0161:<\/h4>\n<p>Dedni Dol, Gorenje Brezovo, Kamno Brdo, Kri\u0161ka vas, Leskovec, Nova vas, Pe\u0161\u010denik, Podsmreka pri Vi\u0161nji Gori, Polje pri Vi\u0161nji Gori, Pristava pri Vi\u0161nji Gori, Sela pri Vi\u0161nji Gori, Spodnje Brezovo, Stari trg, Velika Dobrava, Vi\u0161nja Gora, Vrh pri Vi\u0161nji Gori, Zavrta\u010de, Zgornja Draga<\/p>\n<h5>Mejniki v zgodovini \u0161olstva v Vi\u0161nji Gori:<\/h5>\n<ul>\n<li>1554 za\u010detek \u0161ole z nekaj u\u010denci (10 ali 15)<\/li>\n<li>1815 ustanovili trivialno \u0161olo<\/li>\n<li>1876 enorazredno \u0161olo raz\u0161irili v trirazredno<\/li>\n<li>1907 odprli novo \u0161olsko poslopje<\/li>\n<li>1921 petrazredna \u0161ola<\/li>\n<li>1945\/1946 \u0161tirirazredna \u0161ola<\/li>\n<li>1963\/1964 \u0161ola postane popolna osemletka<\/li>\n<li>1964\/1965 postane \u0161ola podru\u017eni\u010dna \u0161ola O\u0160 Sti\u010dna<\/li>\n<li>1999 nova \u0161ola v Vi\u0161nji Gori<\/li>\n<li>2005\/2006 popolni 9. letni program osnovne \u0161ole<\/li>\n<\/ul>\n<p>Ve\u010d podatkov o zgodovini \u0161olstva v Vi\u0161nji Gori je v \u0161olski publikaciji <a href=\"http:\/\/www2.arnes.si\/~osljstic6\/monografije\/100-let-vg.pdf\" target=\"_blank\" rel=\"noopener\">Ob 100 letnici stare \u0161ole<\/a>.<\/p>\n<h5>Opis \u0161ole:<\/h5>\n<p>Zazidana povr\u0161ina \u0161ole in telovadnice meri 2380 m<sup>2<\/sup>, mera prostorov za pouk zna\u0161a 1132 mm<sup>2<\/sup>. Na \u0161oli je v pritli\u010dju in prvem nadstropju 14 u\u010dilnic, 4 kabineti, knji\u017enica, zbornica, telovadnica in ostali potrebni prostori za \u017eivljenje in delo v \u0161oli.<\/p>\n<\/div>","protected":false},"excerpt":{"rendered":"<div class=\"page-restrict-output\"><p>Kontaktni podatki: Cesta na Pol\u017eevo 26 1294 Vi\u0161nja Gora Telefon:&nbsp;01\/ 788 40 30 in&nbsp;01\/ 780 31 41 Podalj\u0161ano bivanje: 01 620 74 45 Kuhinja: 01 620 74 44 Vodja \u0161ole: Jasmina Sajko, prof. jasmina.sajko@os-sticna.si solavisnjagora@gmail.com http:\/\/psvg.splet.arnes.si \u0160olski okoli\u0161: Dedni Dol, Gorenje Brezovo, Kamno Brdo, Kri\u0161ka vas, Leskovec, Nova vas, Pe\u0161\u010denik, Podsmreka pri Vi\u0161nji Gori, Polje pri Vi\u0161nji Gori, Pristava pri [&#8230;]<\/p>\n<\/div>","protected":false},"author":1,"featured_media":13453,"parent":11,"menu_order":6,"comment_status":"closed","ping_status":"closed","template":"","meta":{"ngg_post_thumbnail":0,"_themeisle_gutenberg_block_has_review":false,"footnotes":""},"class_list":["post-25","page","type-page","status-publish","has-post-thumbnail","hentry"],"featured_image_src":"https:\/\/www.os-sticna.si\/wp-content\/uploads\/2008\/10\/vg.jpg","featured_image_src_square":"https:\/\/www.os-sticna.si\/wp-content\/uploads\/2008\/10\/vg.jpg","_links":{"self":[{"href":"https:\/\/www.os-sticna.si\/index.php?rest_route=\/wp\/v2\/pages\/25","targetHints":{"allow":["GET"]}}],"collection":[{"href":"https:\/\/www.os-sticna.si\/index.php?rest_route=\/wp\/v2\/pages"}],"about":[{"href":"https:\/\/www.os-sticna.si\/index.php?rest_route=\/wp\/v2\/types\/page"}],"author":[{"embeddable":true,"href":"https:\/\/www.os-sticna.si\/index.php?rest_route=\/wp\/v2\/users\/1"}],"replies":[{"embeddable":true,"href":"https:\/\/www.os-sticna.si\/index.php?rest_route=%2Fwp%2Fv2%2Fcomments&post=25"}],"version-history":[{"count":5,"href":"https:\/\/www.os-sticna.si\/index.php?rest_route=\/wp\/v2\/pages\/25\/revisions"}],"predecessor-version":[{"id":27192,"href":"https:\/\/www.os-sticna.si\/index.php?rest_route=\/wp\/v2\/pages\/25\/revisions\/27192"}],"up":[{"embeddable":true,"href":"https:\/\/www.os-sticna.si\/index.php?rest_route=\/wp\/v2\/pages\/11"}],"wp:featuredmedia":[{"embeddable":true,"href":"https:\/\/www.os-sticna.si\/index.php?rest_route=\/wp\/v2\/media\/13453"}],"wp:attachment":[{"href":"https:\/\/www.os-sticna.si\/index.php?rest_route=%2Fwp%2Fv2%2Fmedia&parent=25"}],"curies":[{"name":"wp","href":"https:\/\/api.w.org\/{rel}","templated":true}]}}