{"id":21,"date":"2008-10-30T21:43:41","date_gmt":"2008-10-30T20:43:41","guid":{"rendered":"http:\/\/193.2.241.104\/?page_id=21"},"modified":"2025-01-27T07:31:21","modified_gmt":"2025-01-27T06:31:21","slug":"muljava","status":"publish","type":"page","link":"https:\/\/www.os-sticna.si\/?page_id=21","title":{"rendered":"Podru\u017eni\u010dna \u0161ola Muljava"},"content":{"rendered":"<div class=\"page-restrict-output\"><h4>Kontaktni podatki:<\/h4>\n<p>Muljava 3<br \/>\n1295 Ivan\u010dna Gorica<br \/>\nTelefon:01\/ 787 63 69<\/p>\n<h5>Vodja \u0161ole:<\/h5>\n<p>Polona Pajk, prof.<br \/>\npolona.pajk@os-sticna.si<\/p>\n<h4>\u0160olski okoli\u0161:<\/h4>\n<p>Bojanji Vrh, Gorenja vas, Le\u0161\u010devje, Male Kompolje, Male Vrhe, Mevce, Muljava, Oslica, Potok pri Muljavi, Su\u0161ica, Trebe\u017e, Velike Kompolje, Velike Vrhe.<\/p>\n<h4>Mejniki v zgodovini \u0161olstva na Muljavi:<\/h4>\n<ul>\n<li>1910 pri\u010detek pouka v \u0161oli na Polju pri Muljavi<\/li>\n<li>1934\/1935 \u0161ola na Polju raz\u0161irjena v dvorazrednico<\/li>\n<li>1942 Italijani po\u017egali \u0161olo<\/li>\n<li>1945 ponoven za\u010detek pouka v gostilni Obr\u0161\u010dak, del otrok se \u0161ola na Krki<\/li>\n<li>1947 odprtje nove \u0161ole<\/li>\n<li>1952\/1953 pet razredov na Muljavi<\/li>\n<li>1958 nov tip \u0161ol, na Muljavi 3 oddelki<\/li>\n<li>1964\/67 \u0161ola postane podru\u017eni\u010dna \u0161ola O\u0160 Sti\u010dna, u\u010denci od 5. do 8 razreda odidejo na centralno \u0161olo, na \u0161oli ostanejo 4. razredi.<\/li>\n<li>2003\/2004 uvedba devetletne osnovne \u0161ole, na \u0161oli pet razredov, v po dveh ali treh oddelkih (kombinacije razredov).<\/li>\n<li>2013 odprtje \u0161olskega muzeja v kletnih prostorih \u0161ole<\/li>\n<li>2015\/2016 na \u0161oli ostanejo le 4. razredi, 5. razred odide na mati\u010dno \u0161olo.<\/li>\n<\/ul>\n<p>Ve\u010d podatkov o zgodovini \u0161olstva na Muljavi je v \u0161olski publikaciji <a href=\"http:\/\/www2.arnes.si\/~osljstic6\/monografije\/Muljava_100_let.pdf\">Podru\u017eni\u010dna \u0161ola Muljava, ob 100-letnici \u0161olstva na Muljavi<\/a>.<\/p>\n<h5>Opis \u0161ole:<\/h5>\n<p>Stavba je dobro vzdr\u017eevana, okolica je urejena. V \u0161oli se nahaja tudi vrtec. \u0160ola nima telovadnice, ure \u0161porta se izvajajo na \u0161olskem igri\u0161\u010du in v u\u010dilnici. Pouk poteka v treh u\u010dilnicah, ki so opremljene z ra\u010dunalniki in multimedijsko opremo. \u0160ola ima v pritli\u010dju manj\u0161o jedilnico in razdelilno kuhinjo, v prvem nadstropju pa manj\u0161o knji\u017enico, ki se nahaja v zbornici.<\/p>\n<\/div>","protected":false},"excerpt":{"rendered":"<div class=\"page-restrict-output\"><p>Kontaktni podatki: Muljava 3 1295 Ivan\u010dna Gorica Telefon:01\/ 787 63 69 Vodja \u0161ole: Polona Pajk, prof. polona.pajk@os-sticna.si \u0160olski okoli\u0161: Bojanji Vrh, Gorenja vas, Le\u0161\u010devje, Male Kompolje, Male Vrhe, Mevce, Muljava, Oslica, Potok pri Muljavi, Su\u0161ica, Trebe\u017e, Velike Kompolje, Velike Vrhe. Mejniki v zgodovini \u0161olstva na Muljavi: 1910 pri\u010detek pouka v \u0161oli na Polju pri Muljavi 1934\/1935 \u0161ola na Polju raz\u0161irjena [&#8230;]<\/p>\n<\/div>","protected":false},"author":1,"featured_media":13449,"parent":11,"menu_order":4,"comment_status":"closed","ping_status":"closed","template":"","meta":{"ngg_post_thumbnail":0,"_themeisle_gutenberg_block_has_review":false,"footnotes":""},"class_list":["post-21","page","type-page","status-publish","has-post-thumbnail","hentry"],"featured_image_src":"https:\/\/www.os-sticna.si\/wp-content\/uploads\/2008\/10\/muljava.jpg","featured_image_src_square":"https:\/\/www.os-sticna.si\/wp-content\/uploads\/2008\/10\/muljava.jpg","_links":{"self":[{"href":"https:\/\/www.os-sticna.si\/index.php?rest_route=\/wp\/v2\/pages\/21","targetHints":{"allow":["GET"]}}],"collection":[{"href":"https:\/\/www.os-sticna.si\/index.php?rest_route=\/wp\/v2\/pages"}],"about":[{"href":"https:\/\/www.os-sticna.si\/index.php?rest_route=\/wp\/v2\/types\/page"}],"author":[{"embeddable":true,"href":"https:\/\/www.os-sticna.si\/index.php?rest_route=\/wp\/v2\/users\/1"}],"replies":[{"embeddable":true,"href":"https:\/\/www.os-sticna.si\/index.php?rest_route=%2Fwp%2Fv2%2Fcomments&post=21"}],"version-history":[{"count":5,"href":"https:\/\/www.os-sticna.si\/index.php?rest_route=\/wp\/v2\/pages\/21\/revisions"}],"predecessor-version":[{"id":31510,"href":"https:\/\/www.os-sticna.si\/index.php?rest_route=\/wp\/v2\/pages\/21\/revisions\/31510"}],"up":[{"embeddable":true,"href":"https:\/\/www.os-sticna.si\/index.php?rest_route=\/wp\/v2\/pages\/11"}],"wp:featuredmedia":[{"embeddable":true,"href":"https:\/\/www.os-sticna.si\/index.php?rest_route=\/wp\/v2\/media\/13449"}],"wp:attachment":[{"href":"https:\/\/www.os-sticna.si\/index.php?rest_route=%2Fwp%2Fv2%2Fmedia&parent=21"}],"curies":[{"name":"wp","href":"https:\/\/api.w.org\/{rel}","templated":true}]}}