{"id":13321,"date":"2016-01-07T10:39:00","date_gmt":"2016-01-07T09:39:00","guid":{"rendered":"http:\/\/www.os-sticna.si\/?page_id=13321"},"modified":"2026-01-26T10:41:21","modified_gmt":"2026-01-26T09:41:21","slug":"tekmovanja-iz-znanja","status":"publish","type":"page","link":"https:\/\/www.os-sticna.si\/?page_id=13321","title":{"rendered":"Tekmovanja iz znanja"},"content":{"rendered":"<div class=\"page-restrict-output\">\n<h3 id=\"wp-block-themeisle-blocks-advanced-heading-47d892d8\" class=\"wp-block-themeisle-blocks-advanced-heading wp-block-themeisle-blocks-advanced-heading-47d892d8 has-light-bg\">Razpored<\/h3>\n\n\n\n<div class=\"wp-block-cover has-black-color has-text-color\"><img fetchpriority=\"high\" decoding=\"async\" width=\"1792\" height=\"1024\" class=\"wp-block-cover__image-background wp-image-31498\" alt=\"\" src=\"https:\/\/www.os-sticna.si\/wp-content\/uploads\/2025\/01\/koledar.jpg\" data-object-fit=\"cover\" srcset=\"https:\/\/www.os-sticna.si\/wp-content\/uploads\/2025\/01\/koledar.jpg 1792w, https:\/\/www.os-sticna.si\/wp-content\/uploads\/2025\/01\/koledar-320x183.jpg 320w, https:\/\/www.os-sticna.si\/wp-content\/uploads\/2025\/01\/koledar-800x457.jpg 800w, https:\/\/www.os-sticna.si\/wp-content\/uploads\/2025\/01\/koledar-768x439.jpg 768w, https:\/\/www.os-sticna.si\/wp-content\/uploads\/2025\/01\/koledar-1536x878.jpg 1536w\" sizes=\"(max-width: 1792px) 100vw, 1792px\" \/><span aria-hidden=\"true\" class=\"wp-block-cover__background has-background-dim-20 has-background-dim\" style=\"background-color:#435862\"><\/span><div class=\"wp-block-cover__inner-container is-layout-constrained wp-block-cover-is-layout-constrained\">\n<p class=\"has-text-align-center has-white-color has-text-color has-link-color has-large-font-size wp-elements-9f2c8355271e4e0e6a80a7ff2913b4b2\"><strong><a href=\"https:\/\/www.dmfa.si\/InfoServer\/Public\/Koledar.aspx\" data-type=\"link\" data-id=\"https:\/\/www.dmfa.si\/InfoServer\/Public\/Koledar.aspx\" target=\"_blank\" rel=\"noreferrer noopener\">Koledar tekmovanja DMFA<\/a><\/strong><\/p>\n<\/div><\/div>\n\n\n\n<div style=\"color:#ddd\" class=\"wp-block-genesis-blocks-gb-spacer gb-block-spacer gb-divider-solid gb-divider-size-1\"><hr style=\"height:30px\"\/><\/div>\n\n\n\n<div class=\"wp-block-cover is-light\"><img decoding=\"async\" width=\"1244\" height=\"857\" class=\"wp-block-cover__image-background wp-image-27034\" src=\"https:\/\/www.os-sticna.si\/wp-content\/uploads\/2022\/09\/tekmujem.png\" alt=\"\" data-object-fit=\"cover\" srcset=\"https:\/\/www.os-sticna.si\/wp-content\/uploads\/2022\/09\/tekmujem.png 1244w, https:\/\/www.os-sticna.si\/wp-content\/uploads\/2022\/09\/tekmujem-320x220.png 320w, https:\/\/www.os-sticna.si\/wp-content\/uploads\/2022\/09\/tekmujem-800x551.png 800w, https:\/\/www.os-sticna.si\/wp-content\/uploads\/2022\/09\/tekmujem-768x529.png 768w\" sizes=\"(max-width: 1244px) 100vw, 1244px\" \/>\r\n<div class=\"wp-block-cover__inner-container is-layout-constrained wp-block-cover-is-layout-constrained\">\n\n<p class=\"has-text-align-center has-black-color has-text-color has-large-font-size\"><strong><a href=\"https:\/\/tekmujem.si\/\" data-type=\"link\" data-id=\"https:\/\/tekmujem.si\/\">tekmujem.si<\/a><\/strong><\/p>\n\n<\/div>\r\n<\/div>\n\n\n\n<h3 id=\"wp-block-themeisle-blocks-advanced-heading-0df16eb4\" class=\"wp-block-themeisle-blocks-advanced-heading wp-block-themeisle-blocks-advanced-heading-0df16eb4\">Rezultati<\/h3>\n\n\n<h5>Angle\u0161\u010dina<\/h5>\n<ul>\n<li>&nbsp;<\/li>\n<\/ul>\n<p><span style=\"color: #222222; font-size: 1.125em; font-weight: bold;\">Astronomija &#8211; Dominkovo priznanje<\/span><\/p>\n<ul>\n<li>&nbsp;<\/li>\n<\/ul>\n<h5>Biologija &#8211; Proteusovo priznanje<\/h5>\n<ul>\n<li><span style=\"color: #000000; font-family: Arial, sans-serif; font-size: medium;\">&nbsp;<\/span><\/li>\n<\/ul>\n<h5>Geografija<\/h5>\n<ul>\n<li>&nbsp;<\/li>\n<\/ul>\n<h5>Fizika &#8211; Stefanovo priznanje<\/h5>\n<ul>\n<li>&nbsp;<\/li>\n<\/ul>\n<h5>Kemija &#8211; Preglovo priznanje<\/h5>\n<ul>\n<li>&nbsp;<\/li>\n<\/ul>\n<h5>Logika<\/h5>\n<ul>\n<li>Dr\u017eavno tekmovanje, 18. 10. 2025 (7. razred), O\u0160 \u0160kofljica<\/li>\n<li>Dr\u017eavno tekmovanje, 15. 11. 2025 (8. in 9. razred), Fakulteta za elektrotehniko UL&nbsp;\n<ul>\n<li>Eva Kastelic, 7.aV, srebrno priznanje<\/li>\n<li>Val Gla\u017ear Tam\u0161e, 9.bV, srebrno priznanje<\/li>\n<li>Lucija Vasle, 9.bV, srebrno priznanje<\/li>\n<li>Meta Miklav\u010di\u010d, 9.d, srebrno priznanje<\/li>\n<\/ul>\n<\/li>\n<\/ul>\n<h5>Matematika &#8211; Vegovo priznanje<\/h5>\n<ul>\n<li>&nbsp;<\/li>\n<\/ul>\n<p><strong>Diamantni Kenguru: <\/strong><\/p>\n<h5><strong>Matematika \u2013 Mladi bober<\/strong><\/h5>\n<ul>\n<li>&nbsp;<\/li>\n<\/ul>\n<h5>Nem\u0161\u010dina<\/h5>\n<ul>\n<li>&nbsp;<\/li>\n<\/ul>\n<h5>Razvedrilna matematika<\/h5>\n<ul>\n<li>&nbsp;<\/li>\n<\/ul>\n<h5>Sladkorna bolezen<\/h5>\n<ul>\n<li>Dr\u017eavno tekmovanje, 21. 11. 2025, Zveza dru\u0161tev diabetikov Slovenije, izvedeno na daljavo \u2013 preko spletne povezave z O\u0160 Sti\u010dna\n<ul>\n<li>Kaja Remic, 9.aV, zlato priznanje<\/li>\n<li>Liza Vratari\u0107, 9.aV, srebrno priznanje<\/li>\n<li>Iza Krajnik, 9.bV, srebrno priznanje<\/li>\n<\/ul>\n<\/li>\n<\/ul>\n<h5>Sloven\u0161\u010dina &#8211; Cankarjevo priznanje<\/h5>\n<ul>\n<li>&nbsp;<\/li>\n<\/ul>\n<h5>Vesela \u0161ola<\/h5>\n<ul>\n<li>&nbsp;<\/li>\n<\/ul>\n<h5>Zgodovina<\/h5>\n<ul>\n<li>&nbsp;<\/li>\n<\/ul>\n<h5>Mladi \u010debelarji<\/h5>\n<ul>\n<li>&nbsp;<\/li>\n<\/ul>\n<p><span style=\"color: #000000;\"><span style=\"font-family: Arial, sans-serif;\"><span style=\"font-size: medium;\"><b>Kviz o Rudolfu Maistru<\/b><\/span><\/span><\/span><\/p>\n<ul>\n<li><span style=\"color: #000000; font-family: Arial, sans-serif; font-size: medium;\">&nbsp;<\/span><\/li>\n<\/ul>\n<div class=\"su-divider su-divider-style-default\" style=\"margin:15px 0;border-width:3px;border-color:#000066\"><a href=\"#\" style=\"color:#999999\">Na vrh<\/a><\/div>\n<h4>Arhiv<\/h4>\n<p><a href=\"http:\/\/www2.arnes.si\/~osticnalj\/docs\/arhiv-dosezki-2024-2025.pdf\">Dose\u017eki v \u0161olskem letu 2024\/2025<\/a><\/p>\n<p><a href=\"http:\/\/www2.arnes.si\/~osticnalj\/docs\/arhiv-dosezki-2023-2024.pdf\">Dose\u017eki v \u0161olskem letu 2023\/2024<\/a><\/p>\n<p><a href=\"http:\/\/www2.arnes.si\/~osticnalj\/docs\/arhiv-dosezki-2022-2023.pdf\">Dose\u017eki v \u0161olskem letu 2022\/2023<\/a><\/p>\n<p><a href=\"http:\/\/www2.arnes.si\/~osticnalj\/docs\/arhiv-dosezki-2021-2022.pdf\">Dose\u017eki v \u0161olskem letu 2021\/2022<\/a><\/p>\n<p><a href=\"http:\/\/www2.arnes.si\/~osticnalj\/docs\/arhiv-dosezki-2020-2021.pdf\">Dose\u017eki v \u0161olskem letu 2020\/2021<\/a><\/p>\n<p><a href=\"http:\/\/www2.arnes.si\/~osticnalj\/docs\/arhiv-dosezki-2019-2020.pdf\">Dose\u017eki v \u0161olskem letu 2019\/2020<\/a><\/p>\n<p><a href=\"http:\/\/www2.arnes.si\/~osticnalj\/docs\/arhiv-dosezki-2018-2019.pdf\">Dose\u017eki v \u0161olskem letu 2018\/2019<\/a><\/p>\n<p><a href=\"http:\/\/www2.arnes.si\/~osticnalj\/docs\/arhiv-dosezki-2017-2018.pdf\">Dose\u017eki v \u0161olskem letu 2017\/2018<\/a><\/p>\n<p><a href=\"http:\/\/www2.arnes.si\/~osticnalj\/docs\/arhiv-dosezki-2016-2017.pdf\">Dose\u017eki v \u0161olskem letu 2016\/2017<\/a><\/p>\n<p><a href=\"http:\/\/www2.arnes.si\/~osticnalj\/docs\/arhiv-dosezki-2015-2016.pdf\" target=\"_blank\" rel=\"noopener noreferrer\">Dose\u017eki v \u0161olskem letu 2015\/2016<\/a><\/p><\/div>","protected":false},"excerpt":{"rendered":"<div class=\"page-restrict-output\"><p>Angle\u0161\u010dina &nbsp; Astronomija &#8211; Dominkovo priznanje &nbsp; Biologija &#8211; Proteusovo priznanje &nbsp; Geografija &nbsp; Fizika &#8211; Stefanovo priznanje &nbsp; Kemija &#8211; Preglovo priznanje &nbsp; Logika Dr\u017eavno tekmovanje, 18. 10. 2025 (7. razred), O\u0160 \u0160kofljica Dr\u017eavno tekmovanje, 15. 11. 2025 (8. in 9. razred), Fakulteta za elektrotehniko UL&nbsp; Eva Kastelic, 7.aV, srebrno priznanje Val Gla\u017ear Tam\u0161e, 9.bV, srebrno priznanje Lucija Vasle, [&#8230;]<\/p>\n<\/div>","protected":false},"author":1,"featured_media":0,"parent":13272,"menu_order":0,"comment_status":"closed","ping_status":"closed","template":"","meta":{"ngg_post_thumbnail":0,"_themeisle_gutenberg_block_has_review":false,"footnotes":""},"class_list":["post-13321","page","type-page","status-publish","hentry"],"featured_image_src":null,"featured_image_src_square":null,"_links":{"self":[{"href":"https:\/\/www.os-sticna.si\/index.php?rest_route=\/wp\/v2\/pages\/13321","targetHints":{"allow":["GET"]}}],"collection":[{"href":"https:\/\/www.os-sticna.si\/index.php?rest_route=\/wp\/v2\/pages"}],"about":[{"href":"https:\/\/www.os-sticna.si\/index.php?rest_route=\/wp\/v2\/types\/page"}],"author":[{"embeddable":true,"href":"https:\/\/www.os-sticna.si\/index.php?rest_route=\/wp\/v2\/users\/1"}],"replies":[{"embeddable":true,"href":"https:\/\/www.os-sticna.si\/index.php?rest_route=%2Fwp%2Fv2%2Fcomments&post=13321"}],"version-history":[{"count":5,"href":"https:\/\/www.os-sticna.si\/index.php?rest_route=\/wp\/v2\/pages\/13321\/revisions"}],"predecessor-version":[{"id":33730,"href":"https:\/\/www.os-sticna.si\/index.php?rest_route=\/wp\/v2\/pages\/13321\/revisions\/33730"}],"up":[{"embeddable":true,"href":"https:\/\/www.os-sticna.si\/index.php?rest_route=\/wp\/v2\/pages\/13272"}],"wp:attachment":[{"href":"https:\/\/www.os-sticna.si\/index.php?rest_route=%2Fwp%2Fv2%2Fmedia&parent=13321"}],"curies":[{"name":"wp","href":"https:\/\/api.w.org\/{rel}","templated":true}]}}